mine o(h).
-1
Let z be -2 - (-2 - 0) - 0. Let c be (-18 - z)/(-3) - 2. Let g(n) = n**2 - 10 - 167*n + 8 + 167*n. Calculate g(c).
14
Let d(b) = -54 + 186 + 16*b - 71. Calculate d(-4).
-3
Let t(h) = 21*h - 19. Let i be t(1). Let p(w) = 1235 - i*w - 2471 + 1236. Calculate p(-7).
14
Let m(k) = -13*k**2 - 4*k + 5. Let d(h) = -11*h**2 - 4*h + 4. Let s(z) = 6*d(z) - 5*m(z). Suppose -5*c - 2 = 18. Calculate s(c).
-1
Let j(i) = 2*i - 3. Let c(x) = -7*x**2 - 8*x + 65. Let s(b) = -3*b**2 - 2*b + 32. Let n(w) = -2*c(w) + 5*s(w). Let z be n(9). Give j(z).
3
Let g(c) be the second derivative of c**5/20 + 7*c**4/12 - 5*c**3/3 - 2*c**2 + 989*c. Calculate g(-8).
12
Suppose -7*c + 6*c - 1 = -m, 0 = -c - m - 13. Let f(r) = r**3 + 7*r**2 - 4*r - 15. Calculate f(c).
13
Let n(h) = -3 + 18*h**3 + 3 + 3*h - 2*h - 15*h**2 + 1 - 24*h**3. Let a(z) = -7*z**3 - 17*z**2 + z. Let s(w) = 5*a(w) - 6*n(w). Determine s(-5).
-1
Let d be 9/(9/(-2)) - -5. Suppose -2*t - 2*t - 2 = -5*n, -d*n = t - 8. Suppose 0 = a + 4*z - 17, 5*a = n*a - 2*z + 11. Let f(j) = -16*j**3. What is f(a)?
-16
Let o(k) = -15*k + 3*k**3 - 21*k**2 + 6*k**2 - 14831 + 14828. What is o(6)?
15
Let j(d) be the first derivative of d**2/2 - 2*d - 50. Let r be (1/1)/(-6 + 417/69). Suppose r = -16*p + 151. Determine j(p).
6
Let m(r) = r + 112. Let g(z) = -2*z - 305. Let b(n) = 4*g(n) + 11*m(n). Calculate b(-6).
-6
Suppose 354*p - 325*p + 46 + 12 = 0. Let k(o) = -o**3 - 6*o**2 - 4*o - 1. What is k(p)?
-9
Let l(t) be the second derivative of -t**5/20 + t**4/12 - t**3/6 + 13*t**2/2 - 4990*t. Calculate l(3).
-8
Let z(v) = -2*v + 3. Let q be (-2)/3 + 15/9. Let w be ((-75)/(-18))/25 - 29/(-6). Suppose -q - w = -2*b. Give z(b).
-3
Let g(v) = 7*v**2 + v - 4. Let i(w) = -6*w**2 - w + 3. Let f(b) = 2*b**2 - 13*b - 11. Let r be f(7). Let a(c) = r*g(c) - 5*i(c). Determine a(-3).
16
Let y(q) be the third derivative of q**5/60 - q**4/8 - 35*q**3/6 + 18*q**2 - 42*q. Calculate y(-5).
5
Suppose 6*s - 88 = -46, 0 = -m + 3*s + 9. Let g(d) be the first derivative of -1/2*d**2 + m - 4*d + 1/3*d**3. Determine g(3).
2
Let c(d) = d**2 - 32*d - 74. Suppose s + 147 = 8*k - 4*k, -5*s = -3*k + 140. Give c(k).
31
Let h(z) = 18*z - 3. Suppose 236 = 21*u + 278. Give h(u).
-39
Let g(q) = -q**3 + 11*q**2 + 13*q - 4. Let v(n) = n**2 - 21*n + 107. Let k be v(8). Suppose 2*f - 22 = 47*a - 46*a, -3*a - 30 = -k*f. What is g(f)?
8
Let m(f) = -f**2 + 3*f - 5. Let r(l) be the first derivative of l**3/3 - 3*l**2/2 + 6*l + 70. Let w(v) = -6*m(v) - 5*r(v). Determine w(3).
0
Suppose 8*d - 3*d - 37 = j, -3*j = 4*d - 22. Let r(w) = -2*w + 21. What is r(d)?
7
Let h(j) = 8*j - 1. Let c(n) = 9*n + 1. Let v(p) = 4*c(p) - 5*h(p). Let k = 80 - 77. What is v(k)?
-3
Let r(s) = 0*s - 1 + 9*s - 3*s. Let t = -350 + 349. Determine r(t).
-7
Let f(l) = -28*l**3 - 129*l**2 - 102*l - 125. Let p(r) = -5*r**3 - 25*r**2 - 20*r - 25. Let m(k) = 2*f(k) - 11*p(k). Calculate m(18).
-11
Let w(k) = k**3 + 4*k**2 - 12*k - 10. Suppose -14 = -7*v - 56. What is w(v)?
-10
Suppose q - 64 = 4*w, 2*q - 2*w = 7*q - 210. Suppose -q = 13*x + 8. Let a(o) = -3*o - 2. Give a(x).
10
Let r(z) = z**2 - z - 1. Let s be 2*-1*1/(-2). Let d(c) = -3*c**2 - 5*c + 12. Suppose -62*p + 12*p + 100 = 0. Let o(g) = p*r(g) + s*d(g). Calculate o(-9).
-8
Suppose 61 = -4*m + 45. Let x be (-3 + 2)/(5 - (-52)/(-10)). Let l(u) = -x*u**2 + 1 + 2*u - 5*u + 4*u**2 + 0*u**2. Give l(m).
-3
Let w(u) be the third derivative of 1/2*u**3 + 1/6*u**4 + 0 + 175*u**2 - 1/60*u**5 + 0*u. Calculate w(7).
-18
Let s = 150 - 127. Suppose 5*z - s = -8, 0 = 4*y + 3*z - 17. Let l(w) be the second derivative of w**3/6 - w. What is l(y)?
2
Let j(c) = c + 1. Let z(g) = 17*g + 33. Let b be z(-2). Let d(n) = 7*n + 6. Let k(u) = b*d(u) + 5*j(u). Calculate k(-2).
3
Let s(o) = -o**2 - 5*o + 3. Suppose 56*y + 192 = 62*y. Let q be y/(-5) - (-8)/20. Give s(q).
-3
Let d(v) = 42*v**2 - 119*v**2 + 36*v**2 + 43*v**2 - 7*v - 13. What is d(6)?
17
Let t(s) = -3*s**2 + 5 + 9*s**3 + 4*s - 8*s**3 + 4*s**2 + s. Let p(y) = y**3 - y**2 + 5*y + 6. Let x(g) = -2*p(g) + 3*t(g). Calculate x(-3).
6
Let j(r) be the second derivative of r**6/72 + r**5/120 - r**4/24 + r**3/3 + 3*r**2 + 2*r - 5. Let w(m) be the second derivative of j(m). Determine w(1).
5
Suppose 12*d - 26 - 22 = 0. Suppose -9 = -3*r - d*f, -2*r + 4*f = 3*r - 47. Let w(j) = -j**2 + 8*j - 10. Give w(r).
-3
Let m(g) = 1944*g + 1932. Let v be m(-1). Let t(f) = -2*f - 35. Calculate t(v).
-11
Let u = -3038 + 3081. Suppose 2*t = -3*t + 165. Suppose 3*m + t = -6*q + 3*q, 5*m + 2*q = -u. Let w(n) = -n**3 - 6*n**2 + 5*n - 6. Determine w(m).
8
Let d(q) = q**2 - 58*q - 124. Let o(y) = -36*y**2 + 253*y - 9. Let r be o(7). Calculate d(r).
-4
Let f = -24 - -32. Let s be (-5)/(10/f) - -9. Let w(x) = -8 - 5*x**2 + x**3 + s*x**2 + x + 0*x**2 - 7*x**2. Give w(7).
-1
Suppose -7 + 47 = -79*c - 118. Let v(m) = 11*m**3 + 5*m**2 + 2*m - 1. What is v(c)?
-73
Let l be (-6)/18*(6/8)/(1/(-12)). Let r(b) = -7*b**3 - 4*b**2 - 4*b + 8. Let u(c) = -8*c**3 - 5*c**2 - 5*c + 9. Let i(a) = 7*r(a) - 6*u(a). Determine i(l).
-1
Let n(v) = v**3 - 3*v**2 + v - 1. Let m be 1*566/6*-3. Let f = -280 - m. Calculate n(f).
2
Let i be (-1 - (-1)/2)*(43 - -217)/(-10). Let v(z) = -z + 35. Give v(i).
22
Let j(o) be the second derivative of o**3/2 - 7*o**2 + 78*o. Calculate j(15).
31
Let b(l) = -l - 6. Let v(q) = -2*q - 10. Suppose 7*s - 42 = 14*s. Let f(i) = s*v(i) + 11*b(i). Give f(5).
-1
Let k be (-180)/(-9)*-1 - -21. Let f(t) = -15*t - 7. Calculate f(k).
-22
Let l(j) = -3*j**2 + 7*j - 6. Let r be l(5). Let d = -46 - r. Suppose d = v + 4*b + 5, 4*b = -4*v - v + 7. Let p(q) = q**3 - 4*q**2 + 4*q - 4. Determine p(v).
-1
Let g = 1 - -5. Let a(y) = 9*y**2 + 12*y + 4. Let l(m) = -5*m**2 - 7*m - 3. Let i(w) = -4*a(w) - 7*l(w). Calculate i(g).
-25
Let j = -12 + 7. Let g be ((-4)/5 + 4 + -2)*j. Let b(z) = -6*z + 2 + 24*z**2 - z - 25*z**2 + 6. Calculate b(g).
14
Let l(c) = -4*c**2 + 2099 - 6345 + 2096 + 2121 - c**3. Determine l(0).
-29
Let x(b) be the third derivative of -b**6/60 + b**5/20 + b**4/6 + b**3 + 60*b**2 + 1. Let z(l) = -l - 1. Let h(k) = -x(k) - 6*z(k). Calculate h(2).
8
Let b(u) be the first derivative of u**4/2 + 4*u**3 + 3*u + 1117. What is b(-6)?
3
Let u(c) = -c - 18. Suppose 5*r = 4*f - 154, 4*r + 2*f + 56 + 62 = 0. Calculate u(r).
12
Let c(m) = 7*m - 4. Let d(g) = g**2 + 41*g - 85. Let k be d(2). Calculate c(k).
3
Suppose 3*c + 772 = -2*v + 766, 5*v + 5*c + 5 = 0. Let q(k) be the second derivative of 1/3*k**v + k**2 + 0 - 10*k. What is q(-7)?
-12
Let n(d) = -d**2 + 7*d - 9. Suppose -3*o - 7*o = 0. Suppose j = 1, 3*t - 2*j = -o - 2. Suppose 7 = -t*k + k. Give n(k).
-9
Let d(s) be the third derivative of -s**6/120 + s**5/30 - s**4/8 - s**3/6 - 2*s**2 + 8. Let c(l) = -118*l - 469. Let o be c(-4). Give d(o).
-19
Let r(q) = -6*q - 15. Let j(c) = 7 - 192*c + 196*c + 3. Let n(y) = 7*j(y) + 5*r(y). What is n(-3)?
1
Let a(g) be the second derivative of -g**5/10 - 11*g**4/6 + 4*g**3 + 7*g**2 - 5*g + 368. Give a(-12).
14
Let v = -10 - 27. Let p = 57 + v. Suppose -2*i = 6, -4*i - p + 8 = -2*j. Let m(z) = -z**3 + z**2 + z + 12. Calculate m(j).
12
Let p(q) = -q - 4. Suppose -2*v - 3*s = 8, -4*s - 6 = -s. Let w be (-37)/1 - (0/v + -1). Let b be 2/(-1)*90/w. Calculate p(b).
-9
Let j(y) = y**3 - 2*y**2 - 3*y + 5. Suppose 6*l - 7*l - h - 5 = 0, -6*l = 2*h + 6. Calculate j(l).
1
Let h(t) be the second derivative of t**4/12 + 7*t**3/6 + 15*t**2/2 - 1015*t. Calculate h(-10).
45
Let c(v) be the first derivative of v**4/4 + 7*v**3/3 + v**2/2 - 6*v + 229. Determine c(-6).
24
Let r(l) = l**2 - 8*l - 6. Let v be (0 + -6 + 2)/((-4)/(-30)). Let u be (1 - 0) + -5 - (v - 6). Suppose -6*d = -22 - u. Calculate r(d).
3
Let b(d) = 42*d**2 + d**3 + 55*d**2 + 18*d + 55*d**2 + 40*d**2 + 19 - 212*d**2. What is b(19)?
0
Let j(u) = -69*u + 28. Let b(o) = 13*o + 1. Let a(p) = -3*b(p) - j(p). Determine a(1).
-1
Let c(l) = l**2 - l - 2. Let s be ((-9)/(-3) - -24) + -3. Let o = 100 - 72. Suppose o = g + s. Determine c(g).
10
Let r(b) = 5*b**3 - 56*b**2 + 46*b + 47. Let m(y) = -7*y**3 + 61*y**2 - 47*y - 49. Let z(u) = -3*m(u) - 4*r(u). Calculate z(-42).
1
Let d(u) = 7*u**3 + 3*u**2 - 11*u - 5. Let b be d(4). Let q(i) = b - 2*i**2 + 4*i**2 + 2*i - 454. Calculate q(-5).
33
Let b(z) = -z**2